527161.
527161
List the prime factors of 732500.
2, 5, 293
What are the prime factors of 159434?
2, 11, 7247
List the prime factors of 785271.
3, 261757
List the prime factors of 455916.
2, 3, 37993
List the prime factors of 1323386.
2, 29, 22817
List the prime factors of 678854.
2, 11, 59, 523
What are the prime factors of 539311?
539311
List the prime factors of 16189698.
2, 3, 7, 53, 1039
What are the prime factors of 285087?
3, 11, 53, 163
What are the prime factors of 874444?
2, 218611
What are the prime factors of 4106353?
31, 4273
List the prime factors of 9828957.
3, 3276319
List the prime factors of 194215.
5, 7, 31, 179
What are the prime factors of 10777897?
13, 829069
List the prime factors of 21673351.
7, 17, 182129
What are the prime factors of 6844782?
2, 3, 7, 162971
List the prime factors of 1617911.
283, 5717
What are the prime factors of 148043?
7, 21149
What are the prime factors of 16630823?
11, 181, 8353
What are the prime factors of 426048?
2, 3, 7, 317
List the prime factors of 508776.
2, 3, 17, 29, 43
What are the prime factors of 1535047?
109, 14083
List the prime factors of 14827.
14827
What are the prime factors of 167860?
2, 5, 7, 11, 109
List the prime factors of 194865.
3, 5, 11, 1181
What are the prime factors of 1784314?
2, 7, 233, 547
List the prime factors of 2558840.
2, 5, 17, 53, 71
What are the prime factors of 26693908?
2, 6673477
What are the prime factors of 25782279?
3, 8594093
What are the prime factors of 15758457?
3, 11, 13, 109, 337
List the prime factors of 7168372.
2, 1792093
What are the prime factors of 3198758?
2, 29, 131, 421
What are the prime factors of 349831?
349831
What are the prime factors of 312043?
312043
What are the prime factors of 57134?
2, 7, 11, 53
List the prime factors of 201022.
2, 100511
What are the prime factors of 1713650?
2, 5, 34273
List the prime factors of 13294866.
2, 3, 13, 170447
List the prime factors of 1322780.
2, 5, 19, 59
What are the prime factors of 1437156?
2, 3, 7, 1901
What are the prime factors of 100864?
2, 197
What are the prime factors of 1045436?
2, 7, 37337
What are the prime factors of 19075905?
3, 5, 19, 37, 67
List the prime factors of 10582521.
3, 3527507
What are the prime factors of 4368699?
3, 485411
List the prime factors of 1570446.
2, 3, 43, 2029
What are the prime factors of 6128771?
11, 50651
What are the prime factors of 344545?
5, 68909
List the prime factors of 376603.
376603
What are the prime factors of 1792356?
2, 3, 41, 3643
What are the prime factors of 1679835?
3, 5, 53, 2113
List the prime factors of 192949.
192949
List the prime factors of 1040747.
1040747
What are the prime factors of 247214?
2, 11, 17, 661
List the prime factors of 326993.
326993
List the prime factors of 7503201.
3, 833689
List the prime factors of 2334343.
11, 137, 1549
What are the prime factors of 13255938?
2, 3, 736441
What are the prime factors of 410847?
3, 136949
What are the prime factors of 4475139?
3, 43, 113, 307
What are the prime factors of 15783239?
1303, 12113
What are the prime factors of 2325178?
2, 1162589
List the prime factors of 156733.
156733
What are the prime factors of 1752338?
2, 7, 17881
List the prime factors of 14366653.
7, 449, 653
List the prime factors of 29005299.
3, 37, 87103
What are the prime factors of 767361?
3, 7, 36541
List the prime factors of 17238747.
3, 5746249
List the prime factors of 321093.
3, 35677
List the prime factors of 823603.
11, 74873
What are the prime factors of 716285?
5, 143257
What are the prime factors of 56159?
89, 631
What are the prime factors of 1175521?
1175521
List the prime factors of 1776553.
47, 37799
List the prime factors of 663443.
11, 5483
List the prime factors of 6233257.
6233257
List the prime factors of 1234830.
2, 3, 5, 41161
List the prime factors of 207105.
3, 5, 13807
List the prime factors of 312401.
312401
List the prime factors of 596460.
2, 3, 5, 9941
List the prime factors of 625132.
2, 131, 1193
List the prime factors of 133304.
2, 19, 877
List the prime factors of 3366633.
3, 41, 101, 271
What are the prime factors of 130854?
2, 3, 113, 193
List the prime factors of 813.
3, 271
What are the prime factors of 701367?
3, 389, 601
List the prime factors of 297635.
5, 13, 19, 241
What are the prime factors of 18562989?
3, 6187663
What are the prime factors of 7332678?
2, 3, 17, 31, 773
What are the prime factors of 278463?
3, 92821
List the prime factors of 220271.
23, 61, 157
What are the prime factors of 15914164?
2, 7, 568363
What are the prime factors of 1273487?
17, 23, 3257
List the prime factors of 13107308.
2, 3276827
List the prime factors of 1696092.
2, 3, 19, 43, 173
List the prime factors of 17931.
3, 43, 139
What are the prime factors of 200603?
13, 1187
List the prime factors of 19248.
2, 3, 401
What are the prime factors of 1739662?
2, 607, 1433
What are the prime factors of 371640?
2, 3, 5, 19, 163
List the prime factors of 1640737.
7, 31, 7561
What are the prime factors of 3990456?
2, 3, 19, 2917
What are the prime factors of 17767188?
2, 3, 677
List the prime factors of 1835818.
2, 19, 48311
What are the prime factors of 19576079?
421, 46499
What are the prime factors of 16198269?
3, 29, 186187
List the prime factors of 227009.
137, 1657
What are the prime factors of 195138?
2, 3, 37, 293
What are the prime factors of 290125?
5, 11, 211
List the prime factors of 2248621.
47, 47843
What are the prime factors of 1384983?
3, 153887
List the prime factors of 897176.
2, 7, 37, 433
List the prime factors of 6667199.
7, 11, 86587
What are the prime factors of 7802336?
2, 23, 10601
List the prime factors of 327240.
2, 3, 5, 101
What are the prime factors of 4097790?
2, 3, 5, 5059
List the prime factors of 4053208.
2, 17, 29803
List the prime factors of 4060277.
13, 53, 71, 83
List the prime factors of 4373103.
3, 7, 71, 419
What are the prime factors of 7888450?
2, 5, 157769
List the prime factors of 207017.
207017
What are the prime factors of 138031?
97, 1423
What are the prime factors of 472294?
2, 17, 29, 479
What are the prime factors of 330445?
5, 66089
List the prime factors of 419047.
419047
What are the prime factors of 1349187?
3, 7, 41, 1567
List the prime factors of 19139.
19139
List the prime factors of 313699.
313699
What are the prime factors of 14797564?
2, 157, 23563
List the prime factors of 12943360.
2, 5, 79
What are the prime factors of 194067?
3, 21563
List the prime factors of 10925778.
2, 3, 547, 3329
What are the prime factors of 27706617?
3, 17, 19, 353
List the prime factors of 3511248.
2, 3, 13, 17, 331
What are the prime factors of 1767158?
2, 883579
What are the prime factors of 369486?
2, 3, 13, 1579
List the prime factors of 254050.
2, 5, 5081
What are the prime factors of 107316?
2, 3, 11, 271
What are the prime factors of 2841346?
2, 17, 193, 433
What are the prime factors of 216556?
2, 54139
List the prime factors of 4073474.
2, 53, 83, 463
What are the prime factors of 965104?
2, 7, 1231
What are the prime factors of 2505395?
5, 43, 271
List the prime factors of 61117.
7, 8731
List the prime factors of 208053.
3, 23117
What are the prime factors of 230263?
11, 173
What are the prime factors of 31692031?
7, 151, 29983
List the prime factors of 182442.
2, 3, 13, 2339
List the prime factors of 162825.
3, 5, 13, 167
List the prime factors of 223428.
2, 3, 43, 433
What are the prime factors of 1983641?
11, 180331
List the prime factors of 900670.
2, 5, 90067
What are the prime factors of 162078?
2, 3, 7, 17, 227
List the prime factors of 2780193.
3, 13, 71287
List the prime factors of 138574.
2, 193, 359
List the prime factors of 756243.
3, 37, 757
List the prime factors of 23099637.
3, 11, 71, 9859
What are the prime factors of 9080905?
5, 359, 5059
List the prime factors of 45428.
2, 41, 277
List the prime factors of 1702055.
5, 31, 79, 139
List the prime factors of 206729.
61, 3389
List the prime factors of 69560.
2, 5, 37, 47
What are the prime factors of 86200?
2, 5, 431
What are the prime factors of 338822?
2, 11, 15401
List the prime factors of 522769.
13, 40213
List the prime factors of 344517.
3, 23, 4993
List the prime factors of 113173.
113173
List the prime factors of 520960.
2, 5, 11, 37
List the prime factors of 5